?
47
Let g = 48 + -22. Let c be (2317/993)/((-560)/(-558) + -1) + -1. What is the greatest common factor of c and g?
26
Suppose 13*x = 40*x. Suppose x*s + 5*s = 70. What is the greatest common divisor of 133 and s?
7
Suppose 8*m - 10 = 3*m. Let u be (-9)/(-3) - (1 - m - 96). Suppose 2*f - 40 = f. Calculate the greatest common divisor of f and u.
20
Suppose 63074 = 14*w + 108*w. What is the greatest common divisor of 329 and w?
47
Let m be (2/(4 + 2))/(1/15). Suppose -152 = -m*a + 48. Let j = a + -13. What is the highest common divisor of j and 108?
27
Let i(s) = -3*s**2 + 171*s - 202. Let z be i(53). What is the highest common divisor of z and 62?
62
Let x be -8*(-3)/21*2*(-14)/(-1). Calculate the greatest common factor of 22544 and x.
16
Suppose 16*v - 717765 = -250501. What is the greatest common divisor of v and 196?
196
Let z = 469 - 481. Let q be (z/(-7))/(12/546). Let u be 210/8 - 2/8. Calculate the highest common divisor of q and u.
26
Let d be (30/34 - 212/(-1802))*(-1 + 536). What is the greatest common factor of d and 40?
5
Let r = -41 - -47. Suppose -z + 30*k - 31*k = -r, -k = -z + 10. Calculate the highest common divisor of 248 and z.
8
Let i be -2 + (-7 + 2 - 1). Let k be 8*1*((-34)/i + 2). Let w be -2 + -3 + 0/3 + 45. What is the highest common divisor of k and w?
10
Let u(d) = -d**3 - 4*d**2 + 2*d + 8. Let t be u(-6). Let n = 42724 + -42712. Calculate the greatest common divisor of n and t.
4
Let g(b) = 32*b**2 + 1523*b + 90. Let u be g(-48). Calculate the greatest common factor of u and 102.
102
Suppose 0 = v + v - 28. Suppose 2*k - 3*k + 2*r = -1, -k = -4*r + 1. Suppose k*s - 347 = -5*m, s - 92 + 373 = 4*m. What is the highest common factor of v and m?
14
Let r be (-25)/10 - 35/(-10). Let a be (-1710 - -6)*(r - (-10)/(-6)). What is the greatest common factor of 71 and a?
71
Suppose 3*z = -a + 76, -a + 3*a = -4*z + 160. Suppose 48 = 5*x + 4*u, -3*x + 0*x + 16 = -4*u. What is the greatest common factor of a and x?
8
Suppose 4*n + 35*n - 3325 = 4*n. What is the greatest common divisor of 12160 and n?
95
Let f = -11 + 14. Suppose 2*b - f*b = -8. Suppose -1456 = 20*g - 34*g. What is the highest common divisor of g and b?
8
Let j(c) = 58*c**3 + 6*c**2 - 12*c + 13. Let x be j(3). Suppose 3*b = w + 1508, 3*b + 105 - x = 5*w. Calculate the greatest common factor of 48 and b.
24
Suppose -141*g + 352146 - 33794 + 760016 = 0. What is the highest common factor of 64 and g?
32
Let q be (-414)/1311 + 19936/76. What is the greatest common divisor of 1179 and q?
131
Suppose 3*t = -3*l - 1 + 22, 1 = -2*t + l. Suppose -5*r + t*o + 1383 = 467, 3*o + 730 = 4*r. Calculate the greatest common factor of 69 and r.
23
Suppose -5*x - 10*x = -28*x + 468. Calculate the greatest common factor of x and 456.
12
Suppose -39*h = -38*h - 324. Suppose 3*r = 15, -2*f = -0*r + 2*r - 82. What is the highest common factor of f and h?
36
Suppose 19328*t = 19351*t - 21620. Calculate the highest common factor of t and 141.
47
Let r be (37/13 - 3) + 144/(-78). Let o(q) = -22*q - 18. Let b be o(r). What is the greatest common factor of 65 and b?
13
Let b be 35 - (-7 + 8) - (2 - 2). Let m(h) = h**3 - 35*h**2 + 32*h + 148. Let g be m(b). Calculate the greatest common factor of 16 and g.
16
Suppose -j = -4*j + 5*z + 1280, 0 = 4*z + 16. Suppose 0 = 3*s - y - j, 0 = -3*s + 2*y - 7*y + 438. What is the greatest common divisor of s and 3?
3
Let k be -36 - 19468/(-24) - (1 + 10/(-12)). Calculate the highest common divisor of 25 and k.
25
Let u = 44 - 22. Let n be ((-80)/25 + 99/45)*-1. Calculate the highest common factor of u and n.
1
Suppose -3*p = 4*z - 2919 - 741, -3*z = -4*p - 2720. Calculate the highest common divisor of 336 and z.
48
Let r(p) = 9*p**2 - 232*p - 115. Let f be r(-12). Calculate the highest common factor of f and 5.
5
Let u = 55 - 92. Let c = u - -41. Suppose z = 6*n - 4*n + 38, 0 = 3*z + c*n - 124. Calculate the greatest common divisor of 5 and z.
5
Let k(o) = o**3 + 11*o**2 - 24*o - 9. Let a be k(-9). Let m = a + -200. What is the greatest common factor of 26 and m?
13
Suppose -24*a + 63 = -33. Suppose -4*k + 7*k = 78. What is the greatest common factor of k and a?
2
Let t(o) = 24*o**2 + 11*o - 12. Let c be t(1). Let s(i) = i**2 - 8. Let u be s(-4). Suppose c = b + u. What is the greatest common divisor of 75 and b?
15
Suppose 0 = -2*o + 8*o - 576. Let i be ((-54)/(-15))/((-1)/(-50)*5). Calculate the highest common divisor of i and o.
12
Suppose -d - 3*w = d - 362, -4*d + 3*w = -760. Let n be ((-5)/1 - -3)*-29. Let i = -41 + n. Calculate the greatest common divisor of d and i.
17
Suppose -2*m - 17 = 24 - 49. Calculate the greatest common factor of 622 and m.
2
Let b be (-218)/(-3161) - (-47092)/58. Calculate the highest common divisor of b and 112.
28
Let d be -2 - 0/(-3) - (-49 + 0). Let v = 60 - d. Let l be 1*v - (-10)/10. Calculate the greatest common factor of 7 and l.
7
Suppose -6*g - 52 = 8. Let r be g/4*(-126)/35. Let w(d) = -d**3 + 11*d**2 - 15*d + 14. Let c be w(r). Calculate the greatest common factor of 287 and c.
41
Let u = 7736 - 7721. Calculate the greatest common factor of 77835 and u.
15
Let f = 16 + -15. Let a(z) = 26*z - 2. Let r be a(f). Suppose v - 4 = -x, -2*v + 4*x = -6 + 4. Calculate the greatest common factor of r and v.
3
Suppose 311 = 3*z - 5*g, 0 = 2*z - 624*g + 625*g - 177. Let f be (-6)/((8/46)/(-2)). What is the greatest common divisor of z and f?
23
Let y(m) = -m**2 + 65*m - 61. Let a(t) = -49*t + 396. Let b be a(7). Let g be y(b). Calculate the highest common divisor of 23 and g.
23
Let n(m) = m**3 - 130*m**2 + 265*m - 1042. Let d be n(128). Calculate the highest common factor of d and 484.
22
Suppose 148*l + 30008 = -69*l + 89249. What is the highest common divisor of 84 and l?
21
Let t(j) = 15*j - 5. Let f be t(3). Suppose -5*c + 1025 = 5*b, -b - 318 = -c - 123. Calculate the greatest common divisor of c and f.
40
Let x be (-390)/(-4)*(1 + 1). Suppose x = 6*g - 3. Calculate the greatest common factor of 231 and g.
33
Let f(c) = -c**3 - 6*c**2 - 6*c - 1. Let u be f(-5). Suppose 0 = 4*h - u*k - 308, -3*k - 8 = k. Let s = 5 + 20. What is the greatest common divisor of s and h?
25
Suppose 0 = -4*v - 4*z + 36476, -2*z + 57 - 59 = 0. Calculate the greatest common divisor of 40 and v.
40
Suppose -u - 1 + 15 = 0. Let d = 63 - u. Suppose 2*q + d = 5*g, g + g + 3*q = 31. Calculate the highest common divisor of 99 and g.
11
Let c be ((-3)/(-2))/(((-33)/(-1342))/3). Let l = c - 182. What is the greatest common factor of l and 4?
1
Let g be 9465 + -538 - (-26 + -1). What is the greatest common divisor of g and 363?
121
Let x(v) be the first derivative of 4*v**3/3 - 7*v**2/2 - 2*v - 27. Let s be x(-2). Calculate the highest common divisor of s and 448.
28
Let w(b) = b**3 - 6*b**2 + 6*b + 4. Let h be w(6). Suppose -19*c + 24*c = -4*p + 800, 5*p - 1000 = -3*c. What is the greatest common divisor of p and h?
40
Let h(m) = 4*m**2 + 10*m - 620. Let g be h(-14). What is the greatest common divisor of 525 and g?
3
Let c = 15 + -6. Suppose -33*m + 28*m = -60. Suppose -m*y + 27 = -3*y. Calculate the highest common divisor of y and c.
3
Let k be 24612/924 - (-4)/11. Calculate the highest common divisor of k and 2403.
27
Let r(g) = 26*g - 53. Let a be r(-16). Let v = a - -479. Let f be -1*2 + 26*2. Calculate the highest common factor of v and f.
10
Suppose 1393*q - 18720 = 1375*q. What is the highest common divisor of 130 and q?
130
Suppose j - 3*h = 860, 1685 = 3*j - j + h. Suppose 0 = 5*g + x - j, -g - 5*x = 3*g - 655. What is the highest common divisor of 255 and g?
85
Let a(c) = -c**3 + c**2 - c + 248. Let j be a(0). Suppose -2176*i = -2152*i - 744. Calculate the greatest common factor of i and j.
31
Let p(d) = -d**3 - 6*d**2 - 14*d - 27. Let n be p(-9). Let c = n - 322. What is the highest common divisor of 5 and c?
5
Suppose -11*t - 5340 - 6639 = 0. Let f be 5/(-1) - -4 - t. Suppose 10*b = 2*b + f. What is the greatest common factor of 34 and b?
34
Suppose 24371 = 310*y - 46309. What is the greatest common divisor of 4128 and y?
12
Suppose 9*s - 3*c - 5553 = 3*s, 0 = s + 3*c - 943. What is the highest common divisor of 2 and s?
2
Suppose y - 41*n + 39*n = 4, 0 = y + 4*n - 4. Calculate the highest common factor of 50 and y.
2
Let d be -4 